{"id":12,"date":"2020-05-08T13:47:06","date_gmt":"2020-05-08T13:47:06","guid":{"rendered":"http:\/\/localhost\/thiago-bruno\/?page_id=12"},"modified":"2020-05-08T13:47:06","modified_gmt":"2020-05-08T13:47:06","slug":"artigos","status":"publish","type":"page","link":"https:\/\/drthiagobruno.com.br\/index.php\/artigos\/","title":{"rendered":"Artigos"},"content":{"rendered":"","protected":false},"excerpt":{"rendered":"","protected":false},"author":1,"featured_media":0,"parent":0,"menu_order":0,"comment_status":"closed","ping_status":"closed","template":"","meta":{"_acf_changed":false,"_exactmetrics_skip_tracking":false,"_exactmetrics_sitenote_active":false,"_exactmetrics_sitenote_note":"","_exactmetrics_sitenote_category":0,"footnotes":""},"acf":[],"yoast_head":"<!-- This site is optimized with the Yoast SEO plugin v23.5 - https:\/\/yoast.com\/wordpress\/plugins\/seo\/ -->\n<title>Artigos - Dr. Thiago Bruno | Urologista - Urologia - Natal\/RN<\/title>\n<meta name=\"robots\" content=\"index, follow, max-snippet:-1, max-image-preview:large, max-video-preview:-1\" \/>\n<link rel=\"canonical\" href=\"https:\/\/drthiagobruno.com.br\/index.php\/artigos\/\" \/>\n<meta property=\"og:locale\" content=\"pt_BR\" \/>\n<meta property=\"og:type\" content=\"article\" \/>\n<meta property=\"og:title\" content=\"Artigos - Dr. Thiago Bruno | Urologista - Urologia - Natal\/RN\" \/>\n<meta property=\"og:url\" content=\"https:\/\/drthiagobruno.com.br\/index.php\/artigos\/\" \/>\n<meta property=\"og:site_name\" content=\"Dr. Thiago Bruno | Urologista - Urologia - Natal\/RN\" \/>\n<meta name=\"twitter:card\" content=\"summary_large_image\" \/>\n<script type=\"application\/ld+json\" class=\"yoast-schema-graph\">{\"@context\":\"https:\/\/schema.org\",\"@graph\":[{\"@type\":\"WebPage\",\"@id\":\"https:\/\/drthiagobruno.com.br\/index.php\/artigos\/\",\"url\":\"https:\/\/drthiagobruno.com.br\/index.php\/artigos\/\",\"name\":\"Artigos - Dr. Thiago Bruno | Urologista - Urologia - Natal\/RN\",\"isPartOf\":{\"@id\":\"https:\/\/drthiagobruno.com.br\/#website\"},\"datePublished\":\"2020-05-08T13:47:06+00:00\",\"dateModified\":\"2020-05-08T13:47:06+00:00\",\"breadcrumb\":{\"@id\":\"https:\/\/drthiagobruno.com.br\/index.php\/artigos\/#breadcrumb\"},\"inLanguage\":\"pt-BR\",\"potentialAction\":[{\"@type\":\"ReadAction\",\"target\":[\"https:\/\/drthiagobruno.com.br\/index.php\/artigos\/\"]}]},{\"@type\":\"BreadcrumbList\",\"@id\":\"https:\/\/drthiagobruno.com.br\/index.php\/artigos\/#breadcrumb\",\"itemListElement\":[{\"@type\":\"ListItem\",\"position\":1,\"name\":\"In\u00edcio\",\"item\":\"https:\/\/drthiagobruno.com.br\/\"},{\"@type\":\"ListItem\",\"position\":2,\"name\":\"Artigos\"}]},{\"@type\":\"WebSite\",\"@id\":\"https:\/\/drthiagobruno.com.br\/#website\",\"url\":\"https:\/\/drthiagobruno.com.br\/\",\"name\":\"Dr. Thiago Bruno | Urologista - Urologia - Natal\/RN\",\"description\":\"Urologia - Consulta e tratamento para Rins e Adrenais, Pr\u00f3stata, P\u00eanis e test\u00edculos, bexiga\",\"potentialAction\":[{\"@type\":\"SearchAction\",\"target\":{\"@type\":\"EntryPoint\",\"urlTemplate\":\"https:\/\/drthiagobruno.com.br\/?s={search_term_string}\"},\"query-input\":{\"@type\":\"PropertyValueSpecification\",\"valueRequired\":true,\"valueName\":\"search_term_string\"}}],\"inLanguage\":\"pt-BR\"}]}<\/script>\n<!-- \/ Yoast SEO plugin. -->","yoast_head_json":{"title":"Artigos - Dr. Thiago Bruno | Urologista - Urologia - Natal\/RN","robots":{"index":"index","follow":"follow","max-snippet":"max-snippet:-1","max-image-preview":"max-image-preview:large","max-video-preview":"max-video-preview:-1"},"canonical":"https:\/\/drthiagobruno.com.br\/index.php\/artigos\/","og_locale":"pt_BR","og_type":"article","og_title":"Artigos - Dr. Thiago Bruno | Urologista - Urologia - Natal\/RN","og_url":"https:\/\/drthiagobruno.com.br\/index.php\/artigos\/","og_site_name":"Dr. Thiago Bruno | Urologista - Urologia - Natal\/RN","twitter_card":"summary_large_image","schema":{"@context":"https:\/\/schema.org","@graph":[{"@type":"WebPage","@id":"https:\/\/drthiagobruno.com.br\/index.php\/artigos\/","url":"https:\/\/drthiagobruno.com.br\/index.php\/artigos\/","name":"Artigos - Dr. Thiago Bruno | Urologista - Urologia - Natal\/RN","isPartOf":{"@id":"https:\/\/drthiagobruno.com.br\/#website"},"datePublished":"2020-05-08T13:47:06+00:00","dateModified":"2020-05-08T13:47:06+00:00","breadcrumb":{"@id":"https:\/\/drthiagobruno.com.br\/index.php\/artigos\/#breadcrumb"},"inLanguage":"pt-BR","potentialAction":[{"@type":"ReadAction","target":["https:\/\/drthiagobruno.com.br\/index.php\/artigos\/"]}]},{"@type":"BreadcrumbList","@id":"https:\/\/drthiagobruno.com.br\/index.php\/artigos\/#breadcrumb","itemListElement":[{"@type":"ListItem","position":1,"name":"In\u00edcio","item":"https:\/\/drthiagobruno.com.br\/"},{"@type":"ListItem","position":2,"name":"Artigos"}]},{"@type":"WebSite","@id":"https:\/\/drthiagobruno.com.br\/#website","url":"https:\/\/drthiagobruno.com.br\/","name":"Dr. Thiago Bruno | Urologista - Urologia - Natal\/RN","description":"Urologia - Consulta e tratamento para Rins e Adrenais, Pr\u00f3stata, P\u00eanis e test\u00edculos, bexiga","potentialAction":[{"@type":"SearchAction","target":{"@type":"EntryPoint","urlTemplate":"https:\/\/drthiagobruno.com.br\/?s={search_term_string}"},"query-input":{"@type":"PropertyValueSpecification","valueRequired":true,"valueName":"search_term_string"}}],"inLanguage":"pt-BR"}]}},"_links":{"self":[{"href":"https:\/\/drthiagobruno.com.br\/index.php\/wp-json\/wp\/v2\/pages\/12"}],"collection":[{"href":"https:\/\/drthiagobruno.com.br\/index.php\/wp-json\/wp\/v2\/pages"}],"about":[{"href":"https:\/\/drthiagobruno.com.br\/index.php\/wp-json\/wp\/v2\/types\/page"}],"author":[{"embeddable":true,"href":"https:\/\/drthiagobruno.com.br\/index.php\/wp-json\/wp\/v2\/users\/1"}],"replies":[{"embeddable":true,"href":"https:\/\/drthiagobruno.com.br\/index.php\/wp-json\/wp\/v2\/comments?post=12"}],"version-history":[{"count":1,"href":"https:\/\/drthiagobruno.com.br\/index.php\/wp-json\/wp\/v2\/pages\/12\/revisions"}],"predecessor-version":[{"id":13,"href":"https:\/\/drthiagobruno.com.br\/index.php\/wp-json\/wp\/v2\/pages\/12\/revisions\/13"}],"wp:attachment":[{"href":"https:\/\/drthiagobruno.com.br\/index.php\/wp-json\/wp\/v2\/media?parent=12"}],"curies":[{"name":"wp","href":"https:\/\/api.w.org\/{rel}","templated":true}]}}